{"id":68,"date":"2015-01-03T13:40:08","date_gmt":"2015-01-03T12:40:08","guid":{"rendered":"http:\/\/www.lacgtmontreuil.fr\/?page_id=68"},"modified":"2024-08-19T17:12:00","modified_gmt":"2024-08-19T15:12:00","slug":"apres-le-travail","status":"publish","type":"page","link":"https:\/\/www.lacgtmontreuil.fr\/?page_id=68","title":{"rendered":"Apr\u00e8s le travail"},"content":{"rendered":"<p style=\"text-align: justify;\">Nous vous proposons ci-dessous quelques sites pour sortir, se cultiver, s&rsquo;amuser, danser, \u00e9couter, partager, se d\u00e9fouler&#8230; :<\/p>\n<ul>\n<li><a href=\"http:\/\/www.sortiramontreuil.fr\/\" target=\"_blank\" rel=\"noopener\">Agenda des sorties<\/a><\/li>\n<li><a href=\"http:\/\/www.bibliotheque-montreuil.fr\/\" target=\"_blank\" rel=\"noopener\">Les Biblioth\u00e8ques<\/a><\/li>\n<li><a href=\"http:\/\/www.museehistoirevivante.fr\/\" target=\"_blank\" rel=\"noopener\">Le Mus\u00e9e de l&rsquo;Histoire Vivante<\/a><\/li>\n<li><a href=\"http:\/\/lamarbrerie.fr\/\" target=\"_blank\" rel=\"noopener\">La Marbrerie, lieu artistique<\/a><\/li>\n<li><a href=\"http:\/\/meliesmontreuil.fr\/\" target=\"_blank\" rel=\"noopener\">Le Georges M\u00e9li\u00e8s, cin\u00e9ma public art et essai<\/a><\/li>\n<li><a href=\"http:\/\/www.nouveau-theatre-montreuil.com\/\" target=\"_blank\" rel=\"noopener\">Le Nouveau Th\u00e9\u00e2tre de Montreuil (C.D.N.)<\/a><\/li>\n<li><a href=\"http:\/\/www.montreuil.fr\/culture\/theatre\/theatre-berthelot\/\" target=\"_blank\" rel=\"noopener\">Le Th\u00e9\u00e2tre Municipal Berthelot<\/a><\/li>\n<li><a href=\"https:\/\/www.montreuil.fr\/culture\/theatre\/theatre-de-la-noue\" target=\"_blank\" rel=\"noopener\">Le Th\u00e9\u00e2tre de la Noue, centre culture et espace citoyen<\/a><\/li>\n<li><a href=\"https:\/\/www.est-ensemble.fr\/stade-nautique-maurice-thorez-montreuil\" target=\"_blank\" rel=\"noopener\">Le Stade nautique Maurice Thorez<\/a><\/li>\n<li><a href=\"https:\/\/www.est-ensemble.fr\/la-piscine-des-murs-peches\" target=\"_blank\" rel=\"noopener\">La Piscine des Murs \u00e0 p\u00eaches<\/a><\/li>\n<li><a href=\"https:\/\/chantiersdeculture.wordpress.com\/\" target=\"_blank\" rel=\"noopener\">Chantiers de culture, critique de spectacles vivants, litt\u00e9rature&#8230;<\/a><\/li>\n<li><a href=\"http:\/\/www.lauralaufer.com\/spip\/\" target=\"_blank\" rel=\"noopener\">Laura Laufer, critique de cin\u00e9ma<\/a><\/li>\n<\/ul>\n","protected":false},"excerpt":{"rendered":"<p>Nous vous proposons ci-dessous quelques sites pour sortir, se cultiver, s&rsquo;amuser, danser, \u00e9couter, partager, se d\u00e9fouler&#8230; : Agenda des sorties Les Biblioth\u00e8ques Le Mus\u00e9e de l&rsquo;Histoire Vivante La Marbrerie, lieu artistique Le Georges M\u00e9li\u00e8s, cin\u00e9ma public art et essai Le Nouveau Th\u00e9\u00e2tre de Montreuil (C.D.N.) Le Th\u00e9\u00e2tre Municipal Berthelot Le Th\u00e9\u00e2tre de la Noue, centre &hellip; <\/p>\n","protected":false},"author":1,"featured_media":0,"parent":0,"menu_order":0,"comment_status":"closed","ping_status":"open","template":"","meta":{"footnotes":""},"class_list":["entry","page","publish","author-ulmontreuil","post-68"],"_links":{"self":[{"href":"https:\/\/www.lacgtmontreuil.fr\/index.php?rest_route=\/wp\/v2\/pages\/68","targetHints":{"allow":["GET"]}}],"collection":[{"href":"https:\/\/www.lacgtmontreuil.fr\/index.php?rest_route=\/wp\/v2\/pages"}],"about":[{"href":"https:\/\/www.lacgtmontreuil.fr\/index.php?rest_route=\/wp\/v2\/types\/page"}],"author":[{"embeddable":true,"href":"https:\/\/www.lacgtmontreuil.fr\/index.php?rest_route=\/wp\/v2\/users\/1"}],"replies":[{"embeddable":true,"href":"https:\/\/www.lacgtmontreuil.fr\/index.php?rest_route=%2Fwp%2Fv2%2Fcomments&post=68"}],"version-history":[{"count":20,"href":"https:\/\/www.lacgtmontreuil.fr\/index.php?rest_route=\/wp\/v2\/pages\/68\/revisions"}],"predecessor-version":[{"id":9008,"href":"https:\/\/www.lacgtmontreuil.fr\/index.php?rest_route=\/wp\/v2\/pages\/68\/revisions\/9008"}],"wp:attachment":[{"href":"https:\/\/www.lacgtmontreuil.fr\/index.php?rest_route=%2Fwp%2Fv2%2Fmedia&parent=68"}],"curies":[{"name":"wp","href":"https:\/\/api.w.org\/{rel}","templated":true}]}}

Après le travail

<p style="text-align: justify;">Nous vous proposons ci-dessous quelques sites pour sortir, se cultiver, s&rsquo;amuser, danser, écouter, partager, se défouler&#8230; :</p>
<ul>
<li><a href="http://www.sortiramontreuil.fr/" target="_blank" rel="noopener">Agenda des sorties</a></li>
<li><a href="http://www.bibliotheque-montreuil.fr/" target="_blank" rel="noopener">Les Bibliothèques</a></li>
<li><a href="http://www.museehistoirevivante.fr/" target="_blank" rel="noopener">Le Musée de l&rsquo;Histoire Vivante</a></li>
<li><a href="http://lamarbrerie.fr/" target="_blank" rel="noopener">La Marbrerie, lieu artistique</a></li>
<li><a href="http://meliesmontreuil.fr/" target="_blank" rel="noopener">Le Georges Méliès, cinéma public art et essai</a></li>
<li><a href="http://www.nouveau-theatre-montreuil.com/" target="_blank" rel="noopener">Le Nouveau Théâtre de Montreuil (C.D.N.)</a></li>
<li><a href="http://www.montreuil.fr/culture/theatre/theatre-berthelot/" target="_blank" rel="noopener">Le Théâtre Municipal Berthelot</a></li>
<li><a href="https://www.montreuil.fr/culture/theatre/theatre-de-la-noue" target="_blank" rel="noopener">Le Théâtre de la Noue, centre culture et espace citoyen</a></li>
<li><a href="https://www.est-ensemble.fr/stade-nautique-maurice-thorez-montreuil" target="_blank" rel="noopener">Le Stade nautique Maurice Thorez</a></li>
<li><a href="https://www.est-ensemble.fr/la-piscine-des-murs-peches" target="_blank" rel="noopener">La Piscine des Murs à pêches</a></li>
<li><a href="https://chantiersdeculture.wordpress.com/" target="_blank" rel="noopener">Chantiers de culture, critique de spectacles vivants, littérature&#8230;</a></li>
<li><a href="http://www.lauralaufer.com/spip/" target="_blank" rel="noopener">Laura Laufer, critique de cinéma</a></li>
</ul>

<p>Nous vous proposons ci-dessous quelques sites pour sortir, se cultiver, s&rsquo;amuser, danser, écouter, partager, se défouler&#8230; : Agenda des sorties Les Bibliothèques Le Musée de l&rsquo;Histoire Vivante La Marbrerie, lieu artistique Le Georges Méliès, cinéma public art et essai Le Nouveau Théâtre de Montreuil (C.D.N.) Le Théâtre Municipal Berthelot Le Théâtre de la Noue, centre &hellip; </p>
