{"id":50,"date":"2015-01-03T13:35:57","date_gmt":"2015-01-03T12:35:57","guid":{"rendered":"http:\/\/www.lacgtmontreuil.fr\/?page_id=50"},"modified":"2018-05-11T21:24:46","modified_gmt":"2018-05-11T19:24:46","slug":"les-prives-demploi","status":"publish","type":"page","link":"https:\/\/www.lacgtmontreuil.fr\/?page_id=50","title":{"rendered":"Pr\u00e9caires  \/ Ch\u00f4meurs"},"content":{"rendered":"<p style=\"text-align: justify;\">Les plus de 10 000 ch\u00f4meurs et autant de salari\u00e9(e)s pr\u00e9caires recens\u00e9s \u00e0 Montreuil, forment le tiers de la population travailleuse : l&rsquo;immense majorit\u00e9 des inscrit(e)s \u00e0 l&rsquo;Agence P\u00f4le-Emploi du 7 rue Kl\u00e9ber, alterne en r\u00e9alit\u00e9 emplois pr\u00e9caires et retour \u00e0 la case ch\u00f4mage avec ou sans indemnisation.<\/p>\n<p style=\"text-align: justify;\">La double attaque contre le CDI (Contrat \u00e0 Dur\u00e9e Ind\u00e9termin\u00e9e) \u00e0 temps plein (35 heures) et contre le statut des fonctionnaires aboutit \u00e0 une explosion des situations \u00ab\u00a0a-typique\u00a0\u00bb de travail, c&rsquo;est-\u00e0-dire pr\u00e9caires :<\/p>\n<ul>\n<li style=\"text-align: justify;\">contrats \u00e0 dur\u00e9e d\u00e9termin\u00e9e, souvent d\u00e9rogatoires (saisonniers, d&rsquo;usage, extras, ch\u00e8que emploi service universel, etc.).<\/li>\n<li style=\"text-align: justify;\">contrats de mission, d&rsquo;int\u00e9rim, de chantier.<\/li>\n<li style=\"text-align: justify;\">intermittence, travail \u00e0 la pige ou \u00e0 la t\u00e2che.<\/li>\n<li style=\"text-align: justify;\">travail \u00ab\u00a0au noir\u00a0\u00bb ou sans titre de travail.<\/li>\n<li style=\"text-align: justify;\">apprentissage, contrat de professionnalisation, parcours emploi-comp\u00e9tence (ex contrat unique d&rsquo;insertion), services civiques et stages abusifs.<\/li>\n<li style=\"text-align: justify;\">auto-entrepreneuriat, faux-ind\u00e9pendants, g\u00e9rants non-salari\u00e9s, etc.<\/li>\n<\/ul>\n<p style=\"text-align: justify;\">Entre deux p\u00e9riodes travaill\u00e9es, vous conservez les droits que vous avez acquis (allocations ch\u00f4mage, contrat de s\u00e9curisation professionnelle, s\u00e9curit\u00e9 sociale, revenu de solidarit\u00e9 active, cong\u00e9s, etc.) : mais il faut les r\u00e9clamer ! Savoir aussi que l&rsquo;exclusion sociale commence par l&rsquo;isolement face aux difficult\u00e9s de la vie. <span style=\"color: #ff0000;\"><strong><a style=\"color: #ff0000;\" href=\"https:\/\/www.lacgtmontreuil.fr\/?page_id=87\">Se syndiquer<\/a><\/strong><\/span>, <strong>c&rsquo;est d&rsquo;abord s&rsquo;en sortir<\/strong> : rejoindre les ch\u00f4meurs CGT de Montreuil permet d&rsquo;en parler et de r\u00e9agir aux abus h\u00e9las fr\u00e9quents de P\u00f4le-Emploi. Par exemple, en contestant les radiations injustifi\u00e9es, les trop per\u00e7us ou les offres d&#8217;emploi ill\u00e9gales&#8230;<\/p>\n<p>&nbsp;<\/p>\n<p><a href=\"https:\/\/www.lacgtmontreuil.fr\/?p=1575\">Vous pouvez consulter diff\u00e9rents documents de r\u00e9flexion ici.<\/a><\/p>\n","protected":false},"excerpt":{"rendered":"<p>Les plus de 10 000 ch\u00f4meurs et autant de salari\u00e9(e)s pr\u00e9caires recens\u00e9s \u00e0 Montreuil, forment le tiers de la population travailleuse : l&rsquo;immense majorit\u00e9 des inscrit(e)s \u00e0 l&rsquo;Agence P\u00f4le-Emploi du 7 rue Kl\u00e9ber, alterne en r\u00e9alit\u00e9 emplois pr\u00e9caires et retour \u00e0 la case ch\u00f4mage avec ou sans indemnisation. La double attaque contre le CDI (Contrat &hellip; <\/p>\n","protected":false},"author":1,"featured_media":0,"parent":0,"menu_order":0,"comment_status":"closed","ping_status":"open","template":"","meta":{"footnotes":""},"class_list":["entry","page","publish","author-ulmontreuil","post-50"],"_links":{"self":[{"href":"https:\/\/www.lacgtmontreuil.fr\/index.php?rest_route=\/wp\/v2\/pages\/50","targetHints":{"allow":["GET"]}}],"collection":[{"href":"https:\/\/www.lacgtmontreuil.fr\/index.php?rest_route=\/wp\/v2\/pages"}],"about":[{"href":"https:\/\/www.lacgtmontreuil.fr\/index.php?rest_route=\/wp\/v2\/types\/page"}],"author":[{"embeddable":true,"href":"https:\/\/www.lacgtmontreuil.fr\/index.php?rest_route=\/wp\/v2\/users\/1"}],"replies":[{"embeddable":true,"href":"https:\/\/www.lacgtmontreuil.fr\/index.php?rest_route=%2Fwp%2Fv2%2Fcomments&post=50"}],"version-history":[{"count":16,"href":"https:\/\/www.lacgtmontreuil.fr\/index.php?rest_route=\/wp\/v2\/pages\/50\/revisions"}],"predecessor-version":[{"id":1979,"href":"https:\/\/www.lacgtmontreuil.fr\/index.php?rest_route=\/wp\/v2\/pages\/50\/revisions\/1979"}],"wp:attachment":[{"href":"https:\/\/www.lacgtmontreuil.fr\/index.php?rest_route=%2Fwp%2Fv2%2Fmedia&parent=50"}],"curies":[{"name":"wp","href":"https:\/\/api.w.org\/{rel}","templated":true}]}}