{"id":38,"date":"2015-01-03T13:33:23","date_gmt":"2015-01-03T12:33:23","guid":{"rendered":"http:\/\/www.lacgtmontreuil.fr\/?page_id=38"},"modified":"2022-03-10T14:27:43","modified_gmt":"2022-03-10T13:27:43","slug":"union-locale","status":"publish","type":"page","link":"https:\/\/www.lacgtmontreuil.fr\/?page_id=38","title":{"rendered":"Union locale"},"content":{"rendered":"<p style=\"text-align: justify;\">L&rsquo;Union Locale, c&rsquo;est le r\u00e9seau des syndicats CGT pr\u00e9sents dans les entreprises et sur le territoire de Montreuil.<\/p>\n<p style=\"text-align: justify;\">C&rsquo;est ainsi que l&rsquo;UL CGT de Montreuil regroupe environ 4 000 syndiqu\u00e9s et intervient directement dans 250 entreprises. priv\u00e9es ou publiques ; elle s&rsquo;adresse aussi aux travailleurs pr\u00e9caires, priv\u00e9s d&#8217;emploi et aux retrait\u00e9s.<\/p>\n<p style=\"text-align: justify;\">Plus que centenaire aujourd&rsquo;hui, la CGT (Conf\u00e9d\u00e9ration G\u00e9n\u00e9rale du Travail) est n\u00e9e de la volont\u00e9 des salari\u00e9s de s&rsquo;organiser collectivement et durablement pour d\u00e9fendre leurs int\u00e9r\u00eats face \u00e0 l&rsquo;oppression et l&rsquo;exploitation, pour conqu\u00e9rir des droits et les faire valoir, pour imaginer un monde plus juste et proposer les voies pour y parvenir.<\/p>\n<p style=\"text-align: justify;\">Cette d\u00e9marche de transformation sociale et de solidarit\u00e9 de classe a conduit la CGT \u00e0 fonder \u00e0 Montreuil une Bourse du Travail pour h\u00e9berger son union locale en 1947. C&rsquo;est un lieu d&rsquo;animation des luttes, de coordination interprofessionnelle (\u00ab\u00a0tous ensemble !\u00a0\u00bb) et d&rsquo;accueil pour les salari\u00e9s isol\u00e9s comme pour tous les travailleurs pr\u00e9caires, qui viennent y chercher des renseignements, une aide pour se d\u00e9fendre et agir.<\/p>\n<p style=\"text-align: justify;\">L&rsquo;expertise et le poids local de la CGT font qu&rsquo;elle est repr\u00e9sent\u00e9e par ses militants dans de nombreux organismes paritaires et institutions publiques : pour autant la reconnaissance du r\u00f4le que le syndicalisme devrait jouer en d\u00e9mocratie reste \u00e0 conqu\u00e9rir.<\/p>\n<p style=\"text-align: justify;\">Mais son efficacit\u00e9 tient d&rsquo;abord au nombre de celles et ceux qui s&rsquo;engagent avec nous : alors n&rsquo;h\u00e9sitez plus ! Faites savoir au patronat et au gouvernement qu&rsquo;il y a urgence \u00e0 r\u00e9pondre aux revendications, <span style=\"color: #ff0000;\"><a style=\"color: #ff0000;\" href=\"https:\/\/www.lacgtmontreuil.fr\/?page_id=87\"><strong>syndiquez vous<\/strong>&#8230;<\/a><\/span><\/p>\n<p><img loading=\"lazy\" decoding=\"async\" class=\"aligncenter wp-image-1451\" src=\"https:\/\/www.lacgtmontreuil.fr\/wp-content\/uploads\/2018\/04\/Syndiquez-vous-1-725x1024.jpg\" alt=\"\" width=\"400\" height=\"565\" srcset=\"https:\/\/www.lacgtmontreuil.fr\/wp-content\/uploads\/2018\/04\/Syndiquez-vous-1-725x1024.jpg 725w, https:\/\/www.lacgtmontreuil.fr\/wp-content\/uploads\/2018\/04\/Syndiquez-vous-1-212x300.jpg 212w, https:\/\/www.lacgtmontreuil.fr\/wp-content\/uploads\/2018\/04\/Syndiquez-vous-1-768x1085.jpg 768w, https:\/\/www.lacgtmontreuil.fr\/wp-content\/uploads\/2018\/04\/Syndiquez-vous-1.jpg 975w\" sizes=\"auto, (max-width: 400px) 100vw, 400px\" \/><\/p>\n<p><a href=\"https:\/\/www.lacgtmontreuil.fr\/wp-content\/uploads\/2022\/03\/Statuts-UL-Montreuil.pdf\" target=\"_blank\" rel=\"noopener\">Veuillez trouver les statuts de l&rsquo;UL CGT de Montreuil ici.<\/a><\/p>\n","protected":false},"excerpt":{"rendered":"<p>L&rsquo;Union Locale, c&rsquo;est le r\u00e9seau des syndicats CGT pr\u00e9sents dans les entreprises et sur le territoire de Montreuil. C&rsquo;est ainsi que l&rsquo;UL CGT de Montreuil regroupe environ 4 000 syndiqu\u00e9s et intervient directement dans 250 entreprises. priv\u00e9es ou publiques ; elle s&rsquo;adresse aussi aux travailleurs pr\u00e9caires, priv\u00e9s d&#8217;emploi et aux retrait\u00e9s. Plus que centenaire aujourd&rsquo;hui, &hellip; <\/p>\n","protected":false},"author":1,"featured_media":0,"parent":0,"menu_order":0,"comment_status":"closed","ping_status":"open","template":"","meta":{"footnotes":""},"class_list":["entry","page","publish","author-ulmontreuil","post-38"],"_links":{"self":[{"href":"https:\/\/www.lacgtmontreuil.fr\/index.php?rest_route=\/wp\/v2\/pages\/38","targetHints":{"allow":["GET"]}}],"collection":[{"href":"https:\/\/www.lacgtmontreuil.fr\/index.php?rest_route=\/wp\/v2\/pages"}],"about":[{"href":"https:\/\/www.lacgtmontreuil.fr\/index.php?rest_route=\/wp\/v2\/types\/page"}],"author":[{"embeddable":true,"href":"https:\/\/www.lacgtmontreuil.fr\/index.php?rest_route=\/wp\/v2\/users\/1"}],"replies":[{"embeddable":true,"href":"https:\/\/www.lacgtmontreuil.fr\/index.php?rest_route=%2Fwp%2Fv2%2Fcomments&post=38"}],"version-history":[{"count":13,"href":"https:\/\/www.lacgtmontreuil.fr\/index.php?rest_route=\/wp\/v2\/pages\/38\/revisions"}],"predecessor-version":[{"id":5702,"href":"https:\/\/www.lacgtmontreuil.fr\/index.php?rest_route=\/wp\/v2\/pages\/38\/revisions\/5702"}],"wp:attachment":[{"href":"https:\/\/www.lacgtmontreuil.fr\/index.php?rest_route=%2Fwp%2Fv2%2Fmedia&parent=38"}],"curies":[{"name":"wp","href":"https:\/\/api.w.org\/{rel}","templated":true}]}}

<p style="text-align: justify;">L&rsquo;Union Locale, c&rsquo;est le réseau des syndicats CGT présents dans les entreprises et sur le territoire de Montreuil.</p>
<p style="text-align: justify;">C&rsquo;est ainsi que l&rsquo;UL CGT de Montreuil regroupe environ 4 000 syndiqués et intervient directement dans 250 entreprises. privées ou publiques ; elle s&rsquo;adresse aussi aux travailleurs précaires, privés d&#8217;emploi et aux retraités.</p>
<p style="text-align: justify;">Plus que centenaire aujourd&rsquo;hui, la CGT (Confédération Générale du Travail) est née de la volonté des salariés de s&rsquo;organiser collectivement et durablement pour défendre leurs intérêts face à l&rsquo;oppression et l&rsquo;exploitation, pour conquérir des droits et les faire valoir, pour imaginer un monde plus juste et proposer les voies pour y parvenir.</p>
<p style="text-align: justify;">Cette démarche de transformation sociale et de solidarité de classe a conduit la CGT à fonder à Montreuil une Bourse du Travail pour héberger son union locale en 1947. C&rsquo;est un lieu d&rsquo;animation des luttes, de coordination interprofessionnelle (« tous ensemble ! ») et d&rsquo;accueil pour les salariés isolés comme pour tous les travailleurs précaires, qui viennent y chercher des renseignements, une aide pour se défendre et agir.</p>
<p style="text-align: justify;">L&rsquo;expertise et le poids local de la CGT font qu&rsquo;elle est représentée par ses militants dans de nombreux organismes paritaires et institutions publiques : pour autant la reconnaissance du rôle que le syndicalisme devrait jouer en démocratie reste à conquérir.</p>
<p style="text-align: justify;">Mais son efficacité tient d&rsquo;abord au nombre de celles et ceux qui s&rsquo;engagent avec nous : alors n&rsquo;hésitez plus ! Faites savoir au patronat et au gouvernement qu&rsquo;il y a urgence à répondre aux revendications, <span style="color: #ff0000;"><a style="color: #ff0000;" href="https://www.lacgtmontreuil.fr/?page_id=87"><strong>syndiquez vous</strong>&#8230;</a></span></p>
<p><img loading="lazy" decoding="async" class="aligncenter wp-image-1451" src="https://www.lacgtmontreuil.fr/wp-content/uploads/2018/04/Syndiquez-vous-1-725x1024.jpg" alt="" width="400" height="565" srcset="https://www.lacgtmontreuil.fr/wp-content/uploads/2018/04/Syndiquez-vous-1-725x1024.jpg 725w, https://www.lacgtmontreuil.fr/wp-content/uploads/2018/04/Syndiquez-vous-1-212x300.jpg 212w, https://www.lacgtmontreuil.fr/wp-content/uploads/2018/04/Syndiquez-vous-1-768x1085.jpg 768w, https://www.lacgtmontreuil.fr/wp-content/uploads/2018/04/Syndiquez-vous-1.jpg 975w" sizes="auto, (max-width: 400px) 100vw, 400px" /></p>
<p><a href="https://www.lacgtmontreuil.fr/wp-content/uploads/2022/03/Statuts-UL-Montreuil.pdf" target="_blank" rel="noopener">Veuillez trouver les statuts de l&rsquo;UL CGT de Montreuil ici.</a></p>

<p>L&rsquo;Union Locale, c&rsquo;est le réseau des syndicats CGT présents dans les entreprises et sur le territoire de Montreuil. C&rsquo;est ainsi que l&rsquo;UL CGT de Montreuil regroupe environ 4 000 syndiqués et intervient directement dans 250 entreprises. privées ou publiques ; elle s&rsquo;adresse aussi aux travailleurs précaires, privés d&#8217;emploi et aux retraités. Plus que centenaire aujourd&rsquo;hui, &hellip; </p>
