{"id":187,"date":"2017-11-05T19:57:41","date_gmt":"2017-11-05T18:57:41","guid":{"rendered":"http:\/\/www.lacgtmontreuil.fr\/?page_id=187"},"modified":"2026-04-13T22:09:37","modified_gmt":"2026-04-13T20:09:37","slug":"formations","status":"publish","type":"page","link":"https:\/\/www.lacgtmontreuil.fr\/?page_id=187","title":{"rendered":"Formations syndicales"},"content":{"rendered":"\n<h5 class=\"wp-block-heading\"><span style=\"color: #ff6600;\"><em><strong>Qui est concern\u00e9 ?<\/strong><\/em><\/span><\/h5>\n\n\n\n<p><strong>Chaque syndiqu\u00e9 a le droit \u00e0 12 jours de cong\u00e9 formation syndicale par an<\/strong> (18 jours dans certains cas), dans la limite d&rsquo;un plafond d\u00e9termin\u00e9 par la taille de l&rsquo;entreprise.<br>Le salari\u00e9 b\u00e9n\u00e9ficiant du cong\u00e9 de formation \u00e9conomique, sociale et syndicale a droit au maintien total de sa r\u00e9mun\u00e9ration par l&#8217;employeur.<\/p>\n\n\n\n<h5 class=\"wp-block-heading\"><em><strong><span style=\"color: #ff6600;\">Comment proc\u00e9der aupr\u00e8s de votre employeur ?<\/span><\/strong><\/em><\/h5>\n\n\n\n<p>Le salari\u00e9 doit faire une demande d&rsquo;autorisation d&rsquo;absence aupr\u00e8s de son employeur <span style=\"color: #ff0000;\">un mois minimum (ou 15 jours seulement selon les cas)<\/span> avant le d\u00e9but de la formation, vous pouvez trouver ici un mod\u00e8le (r\u00e9serv\u00e9 au secteur priv\u00e9) de<strong>&nbsp;<a href=\"https:\/\/www.lacgtmontreuil.fr\/wp-content\/uploads\/2018\/02\/Demande-dautorisation-dabsence-Formation-syndicale.doc\" rel=\"noopener\">demande d&rsquo;autorisation d&rsquo;absence pour une formation syndicale<\/a><\/strong>. Vous devez attendre que votre employeur accepte par \u00e9crit votre demande avant de vous inscrire \u00e0 une formation syndicale.<\/p>\n\n\n\n<h5 class=\"wp-block-heading\"><span style=\"color: #ff6600;\"><strong><em>Comment s&rsquo;inscrire ?<\/em><\/strong><\/span><\/h5>\n\n\n\n<p>L&rsquo;UL CGT de Montreuil propose des formations (voir ci dessous le programme) tout au long de l&rsquo;ann\u00e9e.<\/p>\n\n\n\n<p>Pour vous inscrire \u00e0 une formation de l&rsquo;UL de Montreuil, vous devez \u00eatre syndiqu\u00e9s \u00e0 la CGT !<\/p>\n\n\n\n<p><strong>Vous trouverez la proc\u00e9dure d&rsquo;inscription <a href=\"https:\/\/www.lacgtmontreuil.fr\/?page_id=1523\" rel=\"noopener\"><span style=\"color: #ff0000;\">(ici)<\/span><\/a><\/strong>.<\/p>\n\n\n\n<h6 class=\"wp-block-heading\"><strong>Pour toute autre information utile, <a href=\"https:\/\/www.lacgtmontreuil.fr\/?page_id=183\" rel=\"noopener\">veuillez nous contacter par le formulaire de contact<\/a> ou t\u00e9l\u00e9phoner au 01-48-58-21-00.<\/strong><\/h6>\n\n\n\n<h4 class=\"wp-block-heading\"><span style=\"text-decoration: underline; color: #ff6600;\"><strong>Programme 2026 des formations syndicales de l&rsquo;UL de Montreuil<\/strong><\/span><\/h4>\n\n\n\n<figure class=\"wp-block-table\"><table class=\"has-fixed-layout\"><tbody><tr><td>\u2013 <strong>Accompagnement \u00e0 la prise de fonction dans le cadre du mandat d\u2019\u00e9lu-es&nbsp;CSE pour les entreprises de moins&nbsp;de 50 salari\u00e9.e.s<\/strong>&nbsp;: le lundi 16 f\u00e9vrier 2026 <br><em>Date limite d\u2019inscription\u202f: jeudi 15 janvier 2026<\/em><\/td><\/tr><tr><td>\u2013 <strong>Formation g\u00e9n\u00e9rale Participer \u00e0 la vie de la CGT (ex-Niveau 1)<\/strong>\u202f: du lundi 16 au vendredi 20 f\u00e9vrier 2026 + 3 jours du 16 au 18 mars 2026<br><em>Date limite d\u2019inscription\u202f: jeudi 15 janvier 2026<\/em><\/td><\/tr><tr><td>\u2013 <strong>Lire une feuille de paie<\/strong><strong>\u202f<\/strong><strong>et s\u00e9curit\u00e9 sociale<\/strong> : les lundi 9 et mardi 10 mars 2026, puis les lundi 20 et mardi 21 avril 2026<br><em>Date limite d\u2019inscription : jeudi 5 f\u00e9vrier 2026<\/em><\/td><\/tr><tr><td>\u2013&nbsp;<strong>Tr\u00e9sorerie avec Excel pour le syndicat<\/strong><strong>\u202f<\/strong>: du lundi 23 au mercredi 25 mars 2026<br><em>Date limite d\u2019inscription : jeudi 19 f\u00e9vrier 2026<\/em><\/td><\/tr><tr><td>\u2013 <strong>Journ\u00e9e&nbsp;de sensibilisation&nbsp;&#8211; Combattre les id\u00e9es et pratiques d\u2019extr\u00eame droite <\/strong>: le lundi 30 mars 2026 <br><em>Date limite d\u2019inscription&nbsp;: jeudi 26 f\u00e9vrier 2026<\/em><\/td><\/tr><tr><td>\u2013 <strong>Lutter contre les violences sexistes et sexuelles et Luttes LGBTI au travail\u202f<\/strong>: du mardi 7 au jeudi 9 avril 2026 puis lundi 4 et mardi 5 mai 2026 <br><em>Date limite d\u2019inscription\u202f: jeudi 5 mars 2026<\/em><\/td><\/tr><tr><td>\u2013 <strong>Accompagnement \u00e0 la prise de fonction dans le cadre du mandat d\u2019\u00e9lu-e CSE dans les entreprises de plus de&nbsp;50 salari\u00e9.e.s\u202f<\/strong>: du lundi 18 mai au vendredi 22 mai 2026 <br><em>Date limite d\u2019inscription : jeudi 16 avril 2026<\/em><\/td><\/tr><tr><td>\u2013 <strong>Le droit disciplinaire dans la fonction publique <\/strong>: lundi 1<sup>er<\/sup> et mardi 2 juin 2026 <br><em>Date limite d\u2019inscription : jeudi&nbsp;30 avril 2026<\/em><\/td><\/tr><tr><td>\u2013 <strong>Journ\u00e9e&nbsp;de sensibilisation&nbsp;: Combattre les id\u00e9es et pratiques d\u2019extr\u00eame droite<\/strong> : le lundi 8 juin 2026 <br><em>Date limite d\u2019inscription&nbsp;: jeudi 7 mai 2026<\/em><\/td><\/tr><tr><td>\u2013 <strong>Formation g\u00e9n\u00e9rale Participer \u00e0 la vie de la CGT (ex-Niveau 1) <\/strong>: du lundi 15 au vendredi 19 juin 2026 + 3 jours du lundi 14 au mercredi 16 septembre 2026<br><em>Date limite d\u2019inscription : jeudi 14 mai 2026<\/em><\/td><\/tr><tr><td>\u2013 <strong>Lutter contre les violences sexistes et sexuelles <\/strong><strong>et <\/strong><strong>Luttes LGBTI au travail<\/strong><strong>\u202f<\/strong>: du lundi 7 au vendredi 11 septembre 2026<br><em>Date limite d\u2019inscription\u202f: jeudi 6 ao<\/em><em>\u00fb<\/em><em>t 2026<\/em><\/td><\/tr><tr><td>\u2013 <strong>R\u00e9diger un tract informatique pour le syndicat<\/strong><strong>\u202f<\/strong>: du lundi 14 au mercredi 16 septembre 2026<br><em>Date limite d\u2019inscription : jeudi 13 ao<\/em><em>\u00fb<\/em><em>t 2026<\/em><\/td><\/tr><tr><td>\u2013 Journ\u00e9e&nbsp;de sensibilisation&nbsp;&#8211;<strong> Combattre les id\u00e9es et pratiques d\u2019extr\u00eame droite<\/strong> : le lundi 5 octobre 2026 <br><em>Date limite d\u2019inscription&nbsp;: jeudi 3 septembre 2026<\/em><\/td><\/tr><tr><td>\u2013 <strong>Accompagnement \u00e0 la prise de fonction dans le cadre du mandat d\u2019\u00e9lu.e CSE pour les entreprises de moins de 50&nbsp;salari\u00e9.e.s\u202f<\/strong>: le lundi 12 octobre 2026<br><em>Date limite d\u2019inscription : jeudi 10 septembre 2026<\/em><\/td><\/tr><tr><td>\u2013 <strong>Lire une feuille de paie et s\u00e9curit\u00e9 sociale<\/strong> : les lundi 2 et mardi 3 novembre 2026, puis les lundi 7 et mardi 8 d\u00e9cembre 2026<br><em>Date limite d\u2019inscription : jeudi 1er octobre 2026<\/em><\/td><\/tr><tr><td>\u2013 <strong>Formation g\u00e9n\u00e9rale Participer \u00e0 la vie de la CGT (ex-Niveau 1)<\/strong>\u202f: du lundi 16 au vendredi 20 novembre 2026 + 3 jours du lundi 7 au mercredi 9 d\u00e9cembre 2026<br><em>Date limite d\u2019inscription : jeudi 15 octobre 2026<\/em><\/td><\/tr><tr><td>\u2013 <strong>Accompagnement \u00e0 la p<\/strong><strong>rise de fonction dans le cadre du mandat \u00e9lu.e CSE pour les entreprises de plus de 50 salari\u00e9.e.s<\/strong>\u202f: du lundi 23 au vendredi 27 novembre 2026<br><em>Date limite d\u2019inscription : jeudi 9 octobre 2026<\/em><\/td><\/tr><tr><td>\u2013 <strong>Les missions des \u00e9lu.es CSE pour les entreprises de plus de 50 salari\u00e9.e.s\u202f<\/strong>: du lundi 30 novembre au mercredi 2 d\u00e9cembre 2026<br><em>Date limite d\u2019inscription : jeudi 29 octobre 2026<\/em><\/td><\/tr><\/tbody><\/table><\/figure>\n\n\n\n<h6 class=\"wp-block-heading\">IMPORTANT : l&rsquo;UL organise tous les deux mois (en d\u00e9but de mois) une formation d&rsquo;accueil sur le temps du midi (entre 12h et 14h) pour les nouveaux syndiqu\u00e9(e)s pour expliquer bri\u00e8vement le fonctionnement et l&rsquo;utilit\u00e9 de la CGT. <span style=\"color: #ff0000;\"><a href=\"https:\/\/www.lacgtmontreuil.fr\/?page_id=183\">Pour vous inscrire, contacter l&rsquo;UL ici.<\/a> Date limite d&rsquo;inscription : la veille.<\/span><\/h6>\n\n\n\n<p class=\"has-text-align-center\">~~~<\/p>\n\n\n\n<p class=\"has-text-align-center\" style=\"font-size:18px;font-style:normal;font-weight:700\"><strong><mark style=\"background-color:rgba(0, 0, 0, 0)\" class=\"has-inline-color has-vivid-red-color\">Description des formations de l&rsquo;UL de Montreuil<\/mark><\/strong><\/p>\n\n\n\n<figure class=\"wp-block-table\"><table class=\"has-fixed-layout\"><tbody><tr><td><strong>Accompagnement \u00e0 la prise de fonction dans le cadre du mandat d\u2019\u00e9lu-es&nbsp;CSE pour les entreprises de moins de 50 salari\u00e9.e.s&nbsp;<\/strong>&nbsp;<\/td><td><strong>Stage d\u2019une journ\u00e9e<\/strong>Cette formation \u00ab prise de mandat \u00bb des \u00e9lu-e-s des Comit\u00e9s Sociaux et Economiques est<br>indispensable pour tous.tes \u00e9lu.e.s titulaires et suppl\u00e9ant.e.s afin de promouvoir et d\u00e9fendre les droits et les int\u00e9r\u00eats des salari\u00e9-e-s dans l\u2019entreprise. <strong>&nbsp;<\/strong><\/td><\/tr><tr><td><strong>Formation g\u00e9n\u00e9rale Participer \u00e0 la vie de la CGT <\/strong>(ex NV1)<strong>\u202f<\/strong><\/td><td><strong>Stage de 8 jours<\/strong> d\u00e9compos\u00e9 en 2 sessions (5 jours pour les modules 1et 2&nbsp;; 3 jours pour le module 3). Ce stage s\u2019adresse \u00e0 toustes les salari\u00e9.e.s&nbsp; nouveaux comme ancien.ne.s syndiqu\u00e9.e.s<br><strong>Objectifs du stage :<\/strong> Comprendre et analyser le syst\u00e8me capitaliste, ses acteurs, ses cons\u00e9quences&nbsp;; &nbsp;&#8211; Rep\u00e9rer l\u2019origine du mouvement syndical en France et \u00e0 l\u2019internationale&nbsp;; &#8211; Agir pour transformer le travail et la soci\u00e9t\u00e9 \u00e0 partir de notre d\u00e9marche revendicative<br><strong>Contenu :<\/strong> Comprendre la soci\u00e9t\u00e9 capitaliste pour mieux la combattre tout en s\u2019organisant entre salari\u00e9.e.s, -du local \u00e0 l\u2019international-, pour la transformer par la d\u00e9marche revendicative. &nbsp;<\/td><\/tr><tr><td><strong>Lire une feuille de paie\u202fet s\u00e9curit\u00e9 sociale <\/strong>&nbsp;<\/td><td><strong>Stage de 4 jours<\/strong> d\u00e9compos\u00e9 en deux sessions de deux jours.Ce stage s\u2019adresse \u00e0 tous et toutes les salari\u00e9.e.s&nbsp; nouveaux comme ancien.ne.s syndiqu\u00e9.e.s, \u00e9lu.e.s ou non \u00e9lu.e.S <strong>Objectifs du stage<\/strong> : Savoir d\u00e9crypter la feuille de paie et conna\u00eetre concr\u00e8tement les champs revendicatifs qui s\u2019en d\u00e9gagent (salaire direct et salaire mutualis\u00e9, cotisations salariales, qualifications, classifications, dur\u00e9e, conditions et organisation du travail, protection sociale\u2026)&nbsp;;Comprendre le lien qui existe entre la feuille de paie et la S\u00e9curit\u00e9 Sociale&nbsp;;Comprendre ce qu\u2019est la S\u00e9curit\u00e9 Sociale en ce 80<sup>\u00e8me<\/sup> anniversaire, distinguer tous les champs qu\u2019elle recouvre, d\u00e9celer pourquoi et comment elle est attaqu\u00e9e pour mieux la d\u00e9fendre.<\/td><\/tr><tr><td><strong>Tr\u00e9sorerie avec Excel pour le syndicat\u202f<\/strong>&nbsp;<\/td><td><strong>Stage d\u2019une dur\u00e9e de 3 jours<\/strong> qui s\u2019adresse au tr\u00e9sorier et\/ou secr\u00e9taire de syndicat s\u2019occupant de la tr\u00e9sorerie.<strong>Objectifs du stage<\/strong>&nbsp;:&nbsp; savoir g\u00e9rer des relev\u00e9s bancaires, des cotisations syndicales, des recettes et des d\u00e9penses.<strong>Contenu du stage<\/strong>&nbsp;: En s&rsquo;appuyant sur votre exp\u00e9rience et vos besoins, nous aborderons les bases l\u00e9gales de la tr\u00e9sorerie d&rsquo;un syndicat et utiliser les outils ad\u00e9quates pour informatiser les d\u00e9penses et recettes \u00e0 travers des activit\u00e9s en sous-groupe et travail individuel.<\/td><\/tr><tr><td><strong>Journ\u00e9e&nbsp;de sensibilisation&nbsp;&#8211; Combattre les id\u00e9es et pratiques d\u2019extr\u00eame droite <\/strong>&nbsp;<\/td><td><strong>Stage d\u2019une journ\u00e9e<\/strong>Ce stage s\u2019adresse aux syndiqu\u00e9.e.s et\/ou aux organisations qui souhaitent engager sur la dur\u00e9e le combat contre l\u2019extr\u00eame droite, ses id\u00e9es, ses pratiques et qui, pour s\u2019en donner les moyens, responsabilisent des camarades sur le sujet.&nbsp;<strong>Objectifs de la journ\u00e9e<\/strong>&nbsp;: Identifier les strat\u00e9gies de l\u2019extr\u00eame droite et ses cibles principales&nbsp;; D\u00e9monter son imposture sociale Identifier la d\u00e9marche de la CGT dans sa lutte contre l\u2019extr\u00eame droite, ses id\u00e9es.&nbsp;<strong>Contenu<\/strong>&nbsp;:Identification de l\u2019id\u00e9ologie, du fonctionnement, des buts et cibles de l\u2019extr\u00eame droite d\u2019hier et d\u2019aujourd\u2019hui&nbsp;;Comment mener la bataille des id\u00e9es<br><br><\/td><\/tr><tr><td><strong>Lutter contre les violences sexistes et sexuelles et Luttes LGBTI au travail\u202f<\/strong><em><\/em> <em>&nbsp;<\/em><\/td><td><strong>&nbsp;<\/strong> <strong>Stage de 5 jours (3jours en avril + 2 jours en mai)<\/strong>Ce stage concerne tou\u00b7tes les syndiqu\u00e9\u00b7es. de la CGT, et plus particuli\u00e8rement les camarades en responsabilit\u00e9s dans les organisations territoriales et professionnelles. Cette formation est adapt\u00e9e aux \u00e9lu\u00b7es ou mandat\u00e9\u00b7es du secteur priv\u00e9 et du secteur public des comit\u00e9s sociaux et les r\u00e9f\u00e9rent\u00b7es en mati\u00e8re de lutte contre le harc\u00e8lement sexuel, agissements sexistes, les agissements LGBTIphobes.<br>.<br><br><strong>Objectifs du stage :<\/strong> &#8211;&nbsp;&nbsp;&nbsp;&nbsp;&nbsp;&nbsp; Identifier et caract\u00e9riser les violences sexiste et sexuelles&nbsp;; &nbsp;D\u2019adopter une perspective LGBTI dans l\u2019analyse des relations au travail et dans la vie ;D\u2019identifier et de caract\u00e9riser les violences LGBTIphobes au travail ;De construire une d\u00e9marche pour agir syndicalement contre les violences sexistes et sexuelles et contre les violences LGBTIphobes au travail, en mobilisant des outils \u00e0 disposition. L\u2019objectif de cette formation est de permettre aux stagiaires de construire une intervention syndicale sur l\u2019ensemble de ces enjeux. <strong>Contenu de la formation<\/strong>&nbsp;: D\u00e9finitions des violences sexistes et sexuelles au travailMobilisation des acteur\u00b7rice\u00b7s sur le lieu de travail, accueil des victimes et les points de vigilances \u00e0 observer pour cet accueil et outils qui sont mis \u00e0 disposition par la conf\u00e9d\u00e9ration pour combattre les violences sexistes et sexuelles au travail&nbsp;;Combattre les VSS dans notre organisation\u00b7&nbsp;Introduction aux enjeux LGBTI Droit du travail et droits LGBTI&nbsp;Discrimination LGBTIphobe : formes, sp\u00e9cificit\u00e9s et outils pour agir-Adopter une perspective LGBTI au sein de la CGT &nbsp;<\/td><\/tr><tr><td><strong>Accompagnement \u00e0 la prise de fonction dans le cadre du mandat d\u2019\u00e9lu-e CSE dans les entreprises de plus de 50 salari\u00e9.e.s\u202f<\/strong><em><\/em><em>&nbsp;<\/em><\/td><td><strong>Stage de 5 jours<\/strong>&nbsp;: 3 jours CSE SSCT puis 2 jours CSE Eco. Cette formation \u00ab prise de mandat \u00bb des \u00e9lu-e-s des Comit\u00e9s Sociaux et Economiques est<br>indispensable pour tous.tes \u00e9lu.e.s titulaires et suppl\u00e9ant.e.s afin de promouvoir et d\u00e9fendre les droits et les int\u00e9r\u00eats des salari\u00e9-e-s dans l\u2019entreprise. Contenu de la formation portera sur le r\u00f4le et les missions des \u00e9lu.e.s CSE, leurs champs d\u2019intervention, l\u2019articulation avec l\u2019activit\u00e9 syndicale et les pr\u00e9rogatives \u00e9conomiques.<strong>Objectifs du stage<\/strong>&nbsp;: les stagiaires pourront&nbsp;: &nbsp;-D\u00e9finir les actions \u00e0 entreprendre dans le cadre des missions des \u00e9lu.e au CSE pour contribuer \u00e0 l\u2019am\u00e9lioration de la sant\u00e9, de la s\u00e9curit\u00e9 et des conditions de travail des travailleur.euse.s, avec la d\u00e9marche CGTPermettre aux \u00e9lu.e.s et mandat\u00e9.e.s d\u2019appr\u00e9hender leur mandat et le fonctionnement de l\u2019instance, les pr\u00e9rogatives des actrices.et acteurs qui composent l\u2019instance, les outils tel que la BDESE, le r\u00f4le et attendus d\u2019un.e repr\u00e9sentant.e CGT <strong>Contenu<\/strong>&nbsp;: Les attributions \u00e9conomiques du CSE (informations\/consultations\/ communications par l&#8217;employeur) et les modalit\u00e9s d&rsquo;actions en cas de carence de l&#8217;employeur&nbsp;Les consultations pr\u00e9alables obligatoire du CSE et les modalit\u00e9s d&rsquo;actions en cas de carence de l&#8217;employeurLa contribution de l&#8217;employeur aux activit\u00e9s sociales et culturellesLe droit d&rsquo;alertes du CSE et les modalit\u00e9s d&rsquo;enqu\u00eate&nbsp;Les&nbsp;pr\u00e9rogatives du CSE en mati\u00e8re de sant\u00e9 et s\u00e9curit\u00e9, les expertises RPS&nbsp;Les proc\u00e9dures d\u2019information-consultation r\u00e9currentes et ponctuelles obligatoires&nbsp;La comptabilit\u00e9 du CSE : obligations l\u00e9gales et sociales.&nbsp;<\/td><\/tr><tr><td><strong>Le droit disciplinaire dans la fonction publique&nbsp;<\/strong><\/td><td><strong>Stage de 2 jours<\/strong> qui s\u2019adresse \u00e0 tous et toutes les camarades issu.e.s des 3 Fonctions Publiques (Territoriale, Hospitali\u00e8re, Etat). &nbsp; <strong>&nbsp;<\/strong><\/td><\/tr><tr><td><strong>&nbsp;R\u00e9diger un tract informatique pour le syndicat\u202f<\/strong>&nbsp;<\/td><td><strong>Stage de 3 jours<\/strong> qui s\u2019adresse \u00e0 tous et toutes les militant.e.s dans l\u2019entreprise.<strong>But du stage<\/strong>&nbsp;: &#8211; acqu\u00e9rir des \u00e9l\u00e9ments imm\u00e9diatement mobilisables pour communiquer dans l\u2019entreprise<br>&#8211; r\u00e9diger un tract&nbsp; &nbsp;<strong>Contenu&nbsp;:&nbsp; <\/strong>En s&rsquo;appuyant sur votre exp\u00e9rience et vos besoins, nous aborderons les \u00e9l\u00e9ments essentiels pour \u00e9tablir la maquette d&rsquo;un tract et passer \u00e0 la pratique en utilisant des outils informatiques.<\/td><\/tr><tr><td><strong>Les missions des \u00e9lu.es CSE pour les entreprises de plus de 50 salari\u00e9.e.s\u202f: <\/strong>Du lundi 30 novembre au mercredi 2 d\u00e9cembre2026<br><em>Date limite d\u2019inscription : jeudi 29 octobre 2026<\/em><\/td><td><strong>Stage de 3 jours<\/strong>&nbsp; Cette formation \u00ab les missions \u00bb des \u00e9lu-e-s des Comit\u00e9s Sociaux et Economiques est<br>indispensable pour tous.tes \u00e9lu.e.s titulaires et suppl\u00e9ant.e.s afin de promouvoir et d\u00e9fendre les droits et les int\u00e9r\u00eats des salari\u00e9-e-s dans l\u2019entreprise. <strong>Le contenu de la formation<\/strong> portera sur l\u2019approfondissement des missions sp\u00e9cifiques des \u00e9lu.e.s CSE, leurs champs d\u2019intervention, l\u2019articulation avec l\u2019activit\u00e9 syndicale et les pr\u00e9rogatives \u00e9conomiques.<strong>Objectifs du stage<\/strong>&nbsp;: <strong>&nbsp;<\/strong> Les attributions du CSE : r\u00e9clamations individuelles ou collectives au profit des salari\u00e9.e.s et stagiaires de l&rsquo;entrepriseLa promotion de la sant\u00e9, la s\u00e9curit\u00e9 et les conditions de travail dans l&rsquo;entreprise (enqu\u00eates en mati\u00e8re d&rsquo;accidents du travail et maladies professionnelles, droit d&rsquo;alerte).L\u2019accompagnement des salari\u00e9.e.s dans le cadre des sanctions disciplinaires&nbsp;Les moyens mis en place dans l&rsquo;entreprise et par le syndicat&nbsp; <strong>&nbsp;<\/strong><\/td><\/tr><\/tbody><\/table><\/figure>\n\n\n\n<p class=\"has-text-align-center\">~~~<\/p>\n\n\n\n<p class=\"has-text-align-center\" style=\"font-size:18px;font-style:normal;font-weight:700\"><strong><mark style=\"background-color:rgba(0, 0, 0, 0)\" class=\"has-inline-color has-vivid-red-color\">Programme de formation de l&rsquo;Union D\u00e9partementale CGT 93<\/mark><\/strong><\/p>\n\n\n\n<p style=\"font-size:15px\">Veuillez cliquer<mark style=\"background-color:rgba(0, 0, 0, 0)\" class=\"has-inline-color has-vivid-red-color\"> <\/mark><strong><a href=\"https:\/\/93.udcgt.fr\/formation-syndicale\/\" data-type=\"link\" data-id=\"https:\/\/93.udcgt.fr\/formation-syndicale\/\" target=\"_blank\" rel=\"noreferrer noopener\"><mark style=\"background-color:rgba(0, 0, 0, 0)\" class=\"has-inline-color has-vivid-red-color\">ici<\/mark><\/a> <\/strong>pour consulter le catalogue des formations de l&rsquo;UD 93.<\/p>\n\n\n\n<p><\/p>\n","protected":false},"excerpt":{"rendered":"<p>Qui est concern\u00e9 ? Chaque syndiqu\u00e9 a le droit \u00e0 12 jours de cong\u00e9 formation syndicale par an (18 jours dans certains cas), dans la limite d&rsquo;un plafond d\u00e9termin\u00e9 par la taille de l&rsquo;entreprise.Le salari\u00e9 b\u00e9n\u00e9ficiant du cong\u00e9 de formation \u00e9conomique, sociale et syndicale a droit au maintien total de sa r\u00e9mun\u00e9ration par l&#8217;employeur. Comment &hellip; <\/p>\n","protected":false},"author":1,"featured_media":0,"parent":0,"menu_order":0,"comment_status":"closed","ping_status":"closed","template":"","meta":{"footnotes":""},"class_list":["entry","page","publish","author-ulmontreuil","post-187"],"_links":{"self":[{"href":"https:\/\/www.lacgtmontreuil.fr\/index.php?rest_route=\/wp\/v2\/pages\/187","targetHints":{"allow":["GET"]}}],"collection":[{"href":"https:\/\/www.lacgtmontreuil.fr\/index.php?rest_route=\/wp\/v2\/pages"}],"about":[{"href":"https:\/\/www.lacgtmontreuil.fr\/index.php?rest_route=\/wp\/v2\/types\/page"}],"author":[{"embeddable":true,"href":"https:\/\/www.lacgtmontreuil.fr\/index.php?rest_route=\/wp\/v2\/users\/1"}],"replies":[{"embeddable":true,"href":"https:\/\/www.lacgtmontreuil.fr\/index.php?rest_route=%2Fwp%2Fv2%2Fcomments&post=187"}],"version-history":[{"count":207,"href":"https:\/\/www.lacgtmontreuil.fr\/index.php?rest_route=\/wp\/v2\/pages\/187\/revisions"}],"predecessor-version":[{"id":10815,"href":"https:\/\/www.lacgtmontreuil.fr\/index.php?rest_route=\/wp\/v2\/pages\/187\/revisions\/10815"}],"wp:attachment":[{"href":"https:\/\/www.lacgtmontreuil.fr\/index.php?rest_route=%2Fwp%2Fv2%2Fmedia&parent=187"}],"curies":[{"name":"wp","href":"https:\/\/api.w.org\/{rel}","templated":true}]}}